se
Let t = -139935 - -374132. Is t a composite number?
False
Let g = -26880 - -44743. Is g composite?
False
Let n = 111 - 65. Let g(i) = -i**3 + 48*i**2 - 75*i + 95. Is g(n) a composite number?
False
Suppose 3 = -5*c - 7. Let x be (2/(-4 - c))/(5/(-3235)). Let b = x + -268. Is b a prime number?
True
Let y(n) = n**2 - 8*n + 10. Let r be y(7). Let v be r + 1946/10 + (-2)/(-5). Suppose -2*j + 2*b = -2*b - v, -2*j = -5*b - 203. Is j prime?
True
Suppose 6*k = 3*k - 3. Is -1*(-2 - -135)/k a composite number?
True
Let j(z) = 1514*z - 511. Is j(12) a composite number?
False
Let q = -86 - -89. Suppose 6325 = 4*k - q*j, 3*k + j - 4475 - 285 = 0. Suppose 5*i + 2*d = 6*d + k, 2*i - 5*d = 634. Is i a composite number?
False
Let w(u) = 2*u**3 - 24*u**2 + 2*u + 16. Let a be w(12). Suppose a*b - 278244 = 4*b. Is b prime?
False
Let l(v) be the first derivative of v**4/4 - v**2 + 4*v + 28. Let u be l(0). Let x(o) = 21*o**3 - 5*o - 7. Is x(u) composite?
True
Let f = 136987 + -42125. Suppose -3*d - z + 2*z = -f, 3*d = 2*z + 94867. Is d composite?
True
Let a(m) = -76 + 3*m + 14*m + 91 + m. Let l(v) = v. Let k(f) = -a(f) - 3*l(f). Is k(-6) a composite number?
True
Let k(i) = -18*i**3 - 44*i**2 + 20*i - 35. Is k(-12) composite?
True
Let l = 22122 - 7621. Is l a composite number?
True
Let k be ((-12)/10)/((-81)/61830). Let q = 741 + k. Is q prime?
True
Let o = 101 + -100. Let r be ((-5)/((-175)/(-14)))/(o/5). Is (-2 - (2070/1)/r) + 4 composite?
True
Is ((-34866)/(-468))/(1/118) composite?
True
Let d(w) = 942*w**2 - 432*w + 11. Is d(7) a prime number?
False
Let r = -539 + 694. Let l(h) = -6*h - 7. Let t be l(-7). Suppose -t*p = -40*p + r. Is p composite?
False
Let j = 143 - 157. Is (-47621)/j*(5 + -3) prime?
True
Let n(r) = 8 - 2 - 2*r - 4*r**2 - 7 + 8 - 14*r**3. Let u be n(-4). Let l = u + -528. Is l a prime number?
False
Let w(u) = 250*u**2 - 6*u + 7. Let n(d) = -21 + 6 + 23 + 6 - 2*d. Let x be n(5). Is w(x) a prime number?
False
Suppose 3*g + 165533 = 2*m, g + 89 = 88. Is m a prime number?
False
Let s = -70676 - -224013. Is s prime?
True
Suppose 6*n - n = 4*f - 37926, -3*f + 28497 = 5*n. Is f composite?
True
Let l = 3658 - 1936. Let d = l + -3219. Is (-23)/69*(d - 0) prime?
True
Let h(o) = -9*o + 27. Let a be h(-6). Let c = a + -79. Suppose c = k, -u + 167 - 26 = -2*k. Is u composite?
True
Let d = -204 + 208. Suppose 0 = s + 5*p - 5569, -2*s + 3*p = -d*s + 11152. Is s a prime number?
False
Let b(o) = -o**2 - 5*o + 103. Let w be b(7). Suppose 59552 = w*v + 13*v. Is v prime?
True
Suppose -5*a - 793 = -6*a. Suppose 518 = 22*d + 15*d. Let j = a - d. Is j prime?
False
Let q be (433082/(-52))/(2/(-4)). Is (-23 + 10 - -17) + q*1 a prime number?
True
Let m(x) = x**2 + 17*x + 2. Let q be m(-19). Let j be q/(-140) + (-30628)/14. Let p = j - -3933. Is p prime?
False
Let w(u) = 7*u. Let f be w(-1). Let t be 6/f*14574/(-6). Suppose 8*o = 6*o + t. Is o prime?
False
Suppose -207836 = 90*k - 94*k + 4*w, 3*k - w = 155877. Is k a prime number?
False
Let o be (5 + -7 - -65372) + 2. Suppose 8*k - 54156 = o. Is k prime?
False
Let r be 5*(-3 + 1 + 3). Suppose 4*u = -4*v + 16, 4 = r*v - u - 2*u. Suppose 1979 + 3899 = v*l. Is l composite?
False
Let i(f) = 5*f - f**2 + 2 - 3*f + 0*f. Let u be i(14). Let m = -119 - u. Is m prime?
True
Suppose 3*r - 9686 + 2885 = 0. Suppose 1888 = -7*j - j. Let u = j + r. Is u composite?
True
Is 1 + 2 + (-76)/28 - 5854806/(-518) prime?
False
Let b = -349 + 353. Suppose -b*a + 1851 + 2977 = 0. Is a prime?
False
Let x(y) = -8*y**2 - y + 12. Let a be x(-6). Is -1*(629946/a + 2/15) a prime number?
True
Let h(z) = -z**2 - 6*z + 5. Let p be h(-6). Suppose -4*c - i + 45782 = -c, 3*c + p*i = 45802. Is c composite?
False
Let p(h) = -3*h**2 - h + 4. Let u be p(-2). Let z be (3/u*0)/2. Suppose 2*a - 8*a + 3498 = z. Is a composite?
True
Let n be 87/(-116) + 615/(-12). Is (-3)/(9/21598)*78/n a composite number?
False
Let o be (-317)/(-7) + (-4)/(-28)*-2. Suppose 5*c + o = -6*y + 9*y, -3*c = -9. Is 108/1 - y/(-4) a prime number?
True
Let q = -4 + 24. Suppose -q = -4*h, w - 3*h + 0 = -2. Is 28102/26 + 2/w composite?
True
Let n(v) = -v**2 - 6*v + 32. Let x be n(-9). Is (-17 + x)*(-3602)/8 prime?
False
Suppose 10*j + 1838 - 14738 = 0. Let f = j - 153. Is f prime?
False
Let p(j) = -j**3 - 29*j**2 - 109*j - 801. Let t be p(-26). Suppose 0*n - 4*n = -4780. Suppose 140 = -t*z + n. Is z a composite number?
False
Suppose 5*z - 10*z = 120. Let r be 522/z + (-2)/8. Let p = r + 36. Is p composite?
True
Let y = -23 - -27. Suppose 179 = 5*w + y*x, w - 71 = -w - x. Suppose -57 = -t - 5*u + w, 3*t - 295 = 4*u. Is t a prime number?
True
Let c(k) = -4*k - 148. Let b be c(-37). Suppose b = 6*r - 19576 - 8246. Is r composite?
False
Suppose 0 = -5*f - 5, -3*w + 71*f - 75*f = -82901. Is w a composite number?
True
Let q(x) = -1130*x**2 - 34*x + 97. Let y(c) = -377*c**2 - 11*c + 32. Let d(r) = -3*q(r) + 8*y(r). Is d(5) a composite number?
True
Let s(w) = -w**3 - 3*w**2 - 5*w - 6. Let m be s(-3). Suppose m*g - 23405 - 3064 = 0. Is g a composite number?
True
Let x be 205 + (-21)/84 + (-30)/8. Suppose 200*g - x*g + 3147 = 0. Is g prime?
False
Let v(m) = -57003*m + 70. Is v(-1) prime?
True
Let b(j) = 2979*j - 1895. Is b(4) composite?
True
Suppose 5*h = 4 + 31. Suppose -40 = -17*l + h*l. Suppose 5*z = -l*w + 1899, w + z = -2*z + 466. Is w a composite number?
True
Suppose -20205912 = 271*q - 295*q. Is q composite?
False
Suppose 10470 = -1127*k + 1128*k. Let n = k + -4181. Is n composite?
True
Is 29942*((-21)/2 + 11) composite?
True
Is (-141004310)/258*(210/(-25))/7 prime?
False
Let u = -159 - -162. Suppose 3*t + 873 = u*i, t = 6*t. Is i composite?
True
Let i = 168 - 166. Is (-38222)/87*(-3)/i a prime number?
True
Let z(p) = 7433*p - 24. Is z(11) prime?
False
Let c be -5 - -4 - 1 - -5. Suppose -k = c*k + 2768. Let h = k - -1327. Is h a composite number?
True
Is 4*(-1)/(-4)*(43808 - 9)/7 a prime number?
True
Let q be 6/(-51) - 301856/(-34). Let j = q + -1239. Is j a composite number?
False
Let h = -71355 - -46775. Is 7/3 + -2 + h/(-6) a composite number?
True
Let v be 405/(-18)*4/(-3). Let a = v + -27. Suppose 4*p - 5*k = a*p + 9, 117 = 3*p + 3*k. Is p a prime number?
False
Suppose -205*p + 1205 = -204*p. Let i = -328 + p. Is i a prime number?
True
Let q(p) = p**2 - 8*p - 21. Let j(r) = r**3 - r**2 - 4*r + 11. Let x be j(0). Let b be q(x). Suppose -105 = -3*d - b. Is d prime?
True
Is 63/6*-8*(-172)/48 composite?
True
Let a be 42/9*-6*3/(-4). Let z be (22044/a - 4/(-2))*7. Suppose z = 24*v - 15*v. Is v prime?
False
Suppose 3*f - 405*k = -410*k + 1519415, k - 1012934 = -2*f. Is f a composite number?
True
Let y(g) = g + 14 - g**3 - 5*g**2 + 18*g**2 - 2*g - 3*g. Let z be y(16). Is z/(-4)*(4 + -2) composite?
False
Let r(b) = 3*b**3 - 8*b**2 + 6*b - 10. Let h be r(3). Suppose 2264 = h*v - 609. Is v a prime number?
False
Let b(z) = -21*z + 9. Let k be b(0). Suppose -m - 432 = -y, -7*m = -4*y - k*m + 1758. Is y a composite number?
True
Let h = 4030 + -693. Suppose -6*f = h - 12379. Is f prime?
False
Let b(c) = c**3 - 14*c**2 - 33*c + 20. Let x be b(16). Suppose 22*a = x*a + 173466. Is a a prime number?
False
Let c(l) = 2*l + 10 + 10 + 9 + 1247*l**2 - 32. Let o be c(1). Let x = o - 605. Is x composite?
False
Is 1709979/11 + 104/286 a prime number?
True
Let f(d) = -d**2 + 21*d - 66. Let k be f(13). Is -1 + 46660/k + 12/114 a prime number?
False
Let u be 4/((-180)/(-182661)) - (-30)/(-225). Suppose 23*v = 194914 + u. Is v a prime number?
False
Let o(q) be the third derivative of 8*q**5/15 + q**4/12 + 127*q**3/6 - 126*q**2. Is o(-10) composite?
False
Let s(x) = -7*x**3 + 10*x**2 + 8*x - 4. Let a be s(-7). Suppose 0 = -5*d + i + a, 0*d - 2*d + 5*i + 1114 = 0. Let o = -304 + d. Is o composite?
False
Let h = -59 - -71. Let o(x) = 335*x - 40. Let n be o(h). Suppose -2*a + 6 = a, 2*w + 5*a - n = 0. Is w a composite number?
True
Suppose -2*k - 516 = -6*k. Suppose -k = -w - 10. Suppose s = 212 + w. Is s a composite number?
False
Let o(y) = -7*y**2 + 18*y - 7. Let p be o(2). Is (-932 + -74)*(-2 + p) prime?
False
Suppose 295736541 = 134*f + 94405963. Is f a composite number?
False
Let d be (2*(-36)/(-16))/(2/4). Let n be (-2)/(-3) + d/27. Is 227 + 25/(-5) - (-2 + n) composite?
False
Let o(y) = y**3 - 12*y**2 + 19*y + 1